{"id":20,"date":"2025-01-05T09:43:53","date_gmt":"2025-01-05T09:43:53","guid":{"rendered":"https:\/\/ausgeartet.com\/?page_id=20"},"modified":"2025-02-02T15:27:23","modified_gmt":"2025-02-02T15:27:23","slug":"alejandro-jimenez","status":"publish","type":"page","link":"https:\/\/ausgeartet.com\/?page_id=20","title":{"rendered":"Alejandro Jimenez"},"content":{"rendered":"\n<p>Alejandro ist 1978 geboren. Mit elf Jahren schrieb er sein erstes Lied. Danach komponierte und textete er mehrere Hundert Lieder und bestritt mehrere Hundert Auftritte als Musiker und Slam Poet. Alejandro verfasste Zeitungsartikel, Magazintexte, Slam Poetry, Videobeitr\u00e4ge und eine Radiokolumne.<\/p>\n\n\n\n<p>In Kriens, am Fuss des Pilatus aufgewachsen, f\u00fchlt sich der Autor immer schon von Berg und Wald angezogen. Darum wandert er und \u00fcbernachtet er gern in der Wildnis, alleine, mit Freunden oder dem Nachwuchs.<\/p>\n\n\n\n<p>Alejandro Jimenez liebt es, das Fantastische mit dem Bodenst\u00e4ndigen zu verbinden, Fiktion und Realit\u00e4t miteinander zu verkn\u00fcpfen. Wenn die Grenzen verschwimmen, ist er in seinem Element.<\/p>\n","protected":false},"excerpt":{"rendered":"<p>Alejandro ist 1978 geboren. Mit elf Jahren schrieb er sein erstes Lied. Danach komponierte und textete er mehrere Hundert Lieder und bestritt mehrere Hundert Auftritte als Musiker und Slam Poet. Alejandro verfasste Zeitungsartikel, Magazintexte, Slam Poetry, Videobeitr\u00e4ge und eine Radiokolumne. In Kriens, am Fuss des Pilatus aufgewachsen, f\u00fchlt sich der Autor immer schon von Berg [&hellip;]<\/p>\n","protected":false},"author":1,"featured_media":30,"parent":0,"menu_order":0,"comment_status":"closed","ping_status":"closed","template":"","meta":{"footnotes":""},"class_list":["post-20","page","type-page","status-publish","has-post-thumbnail","hentry"],"yoast_head":"<!-- This site is optimized with the Yoast SEO plugin v25.3.1 - https:\/\/yoast.com\/wordpress\/plugins\/seo\/ -->\n<title>Alejandro Jimenez - AUSGEARTET<\/title>\n<meta name=\"description\" content=\"Alejandro Jimenez ist Schriftsteller, Kommunikationsberater, Musiker und K\u00fcnstler. Sein Roman AUSGEARTET erscheint im Knapp Verlag, Olten.\" \/>\n<meta name=\"robots\" content=\"index, follow, max-snippet:-1, max-image-preview:large, max-video-preview:-1\" \/>\n<link rel=\"canonical\" href=\"https:\/\/ausgeartet.com\/?page_id=20\" \/>\n<meta property=\"og:locale\" content=\"de_DE\" \/>\n<meta property=\"og:type\" content=\"article\" \/>\n<meta property=\"og:title\" content=\"Alejandro Jimenez - AUSGEARTET\" \/>\n<meta property=\"og:description\" content=\"Alejandro Jimenez ist Schriftsteller, Kommunikationsberater, Musiker und K\u00fcnstler. Sein Roman AUSGEARTET erscheint im Knapp Verlag, Olten.\" \/>\n<meta property=\"og:url\" content=\"https:\/\/ausgeartet.com\/?page_id=20\" \/>\n<meta property=\"og:site_name\" content=\"AUSGEARTET\" \/>\n<meta property=\"article:modified_time\" content=\"2025-02-02T15:27:23+00:00\" \/>\n<meta property=\"og:image\" content=\"https:\/\/ausgeartet.com\/wp-content\/uploads\/2025\/01\/alejandroj_jimenez_ausgeartet_buch_1.jpg\" \/>\n\t<meta property=\"og:image:width\" content=\"1079\" \/>\n\t<meta property=\"og:image:height\" content=\"809\" \/>\n\t<meta property=\"og:image:type\" content=\"image\/jpeg\" \/>\n<meta name=\"twitter:card\" content=\"summary_large_image\" \/>\n<meta name=\"twitter:label1\" content=\"Gesch\u00e4tzte Lesezeit\" \/>\n\t<meta name=\"twitter:data1\" content=\"1\u00a0Minute\" \/>\n<script type=\"application\/ld+json\" class=\"yoast-schema-graph\">{\"@context\":\"https:\/\/schema.org\",\"@graph\":[{\"@type\":\"WebPage\",\"@id\":\"https:\/\/ausgeartet.com\/?page_id=20\",\"url\":\"https:\/\/ausgeartet.com\/?page_id=20\",\"name\":\"Alejandro Jimenez - AUSGEARTET\",\"isPartOf\":{\"@id\":\"https:\/\/ausgeartet.com\/#website\"},\"primaryImageOfPage\":{\"@id\":\"https:\/\/ausgeartet.com\/?page_id=20#primaryimage\"},\"image\":{\"@id\":\"https:\/\/ausgeartet.com\/?page_id=20#primaryimage\"},\"thumbnailUrl\":\"https:\/\/ausgeartet.com\/wp-content\/uploads\/2025\/01\/alejandroj_jimenez_ausgeartet_buch_1.jpg\",\"datePublished\":\"2025-01-05T09:43:53+00:00\",\"dateModified\":\"2025-02-02T15:27:23+00:00\",\"description\":\"Alejandro Jimenez ist Schriftsteller, Kommunikationsberater, Musiker und K\u00fcnstler. Sein Roman AUSGEARTET erscheint im Knapp Verlag, Olten.\",\"breadcrumb\":{\"@id\":\"https:\/\/ausgeartet.com\/?page_id=20#breadcrumb\"},\"inLanguage\":\"de\",\"potentialAction\":[{\"@type\":\"ReadAction\",\"target\":[\"https:\/\/ausgeartet.com\/?page_id=20\"]}]},{\"@type\":\"ImageObject\",\"inLanguage\":\"de\",\"@id\":\"https:\/\/ausgeartet.com\/?page_id=20#primaryimage\",\"url\":\"https:\/\/ausgeartet.com\/wp-content\/uploads\/2025\/01\/alejandroj_jimenez_ausgeartet_buch_1.jpg\",\"contentUrl\":\"https:\/\/ausgeartet.com\/wp-content\/uploads\/2025\/01\/alejandroj_jimenez_ausgeartet_buch_1.jpg\",\"width\":1079,\"height\":809,\"caption\":\"Alejandro Jimenez\"},{\"@type\":\"BreadcrumbList\",\"@id\":\"https:\/\/ausgeartet.com\/?page_id=20#breadcrumb\",\"itemListElement\":[{\"@type\":\"ListItem\",\"position\":1,\"name\":\"Startseite\",\"item\":\"https:\/\/ausgeartet.com\/\"},{\"@type\":\"ListItem\",\"position\":2,\"name\":\"Alejandro Jimenez\"}]},{\"@type\":\"WebSite\",\"@id\":\"https:\/\/ausgeartet.com\/#website\",\"url\":\"https:\/\/ausgeartet.com\/\",\"name\":\"AUSGEARTET\",\"description\":\"Roman (2025)\",\"publisher\":{\"@id\":\"https:\/\/ausgeartet.com\/#organization\"},\"potentialAction\":[{\"@type\":\"SearchAction\",\"target\":{\"@type\":\"EntryPoint\",\"urlTemplate\":\"https:\/\/ausgeartet.com\/?s={search_term_string}\"},\"query-input\":{\"@type\":\"PropertyValueSpecification\",\"valueRequired\":true,\"valueName\":\"search_term_string\"}}],\"inLanguage\":\"de\"},{\"@type\":\"Organization\",\"@id\":\"https:\/\/ausgeartet.com\/#organization\",\"name\":\"AUSGEARTET\",\"url\":\"https:\/\/ausgeartet.com\/\",\"logo\":{\"@type\":\"ImageObject\",\"inLanguage\":\"de\",\"@id\":\"https:\/\/ausgeartet.com\/#\/schema\/logo\/image\/\",\"url\":\"https:\/\/ausgeartet.com\/wp-content\/uploads\/2025\/01\/Knapp_logo.jpg\",\"contentUrl\":\"https:\/\/ausgeartet.com\/wp-content\/uploads\/2025\/01\/Knapp_logo.jpg\",\"width\":229,\"height\":220,\"caption\":\"AUSGEARTET\"},\"image\":{\"@id\":\"https:\/\/ausgeartet.com\/#\/schema\/logo\/image\/\"}}]}<\/script>\n<!-- \/ Yoast SEO plugin. -->","yoast_head_json":{"title":"Alejandro Jimenez - AUSGEARTET","description":"Alejandro Jimenez ist Schriftsteller, Kommunikationsberater, Musiker und K\u00fcnstler. Sein Roman AUSGEARTET erscheint im Knapp Verlag, Olten.","robots":{"index":"index","follow":"follow","max-snippet":"max-snippet:-1","max-image-preview":"max-image-preview:large","max-video-preview":"max-video-preview:-1"},"canonical":"https:\/\/ausgeartet.com\/?page_id=20","og_locale":"de_DE","og_type":"article","og_title":"Alejandro Jimenez - AUSGEARTET","og_description":"Alejandro Jimenez ist Schriftsteller, Kommunikationsberater, Musiker und K\u00fcnstler. Sein Roman AUSGEARTET erscheint im Knapp Verlag, Olten.","og_url":"https:\/\/ausgeartet.com\/?page_id=20","og_site_name":"AUSGEARTET","article_modified_time":"2025-02-02T15:27:23+00:00","og_image":[{"width":1079,"height":809,"url":"https:\/\/ausgeartet.com\/wp-content\/uploads\/2025\/01\/alejandroj_jimenez_ausgeartet_buch_1.jpg","type":"image\/jpeg"}],"twitter_card":"summary_large_image","twitter_misc":{"Gesch\u00e4tzte Lesezeit":"1\u00a0Minute"},"schema":{"@context":"https:\/\/schema.org","@graph":[{"@type":"WebPage","@id":"https:\/\/ausgeartet.com\/?page_id=20","url":"https:\/\/ausgeartet.com\/?page_id=20","name":"Alejandro Jimenez - AUSGEARTET","isPartOf":{"@id":"https:\/\/ausgeartet.com\/#website"},"primaryImageOfPage":{"@id":"https:\/\/ausgeartet.com\/?page_id=20#primaryimage"},"image":{"@id":"https:\/\/ausgeartet.com\/?page_id=20#primaryimage"},"thumbnailUrl":"https:\/\/ausgeartet.com\/wp-content\/uploads\/2025\/01\/alejandroj_jimenez_ausgeartet_buch_1.jpg","datePublished":"2025-01-05T09:43:53+00:00","dateModified":"2025-02-02T15:27:23+00:00","description":"Alejandro Jimenez ist Schriftsteller, Kommunikationsberater, Musiker und K\u00fcnstler. Sein Roman AUSGEARTET erscheint im Knapp Verlag, Olten.","breadcrumb":{"@id":"https:\/\/ausgeartet.com\/?page_id=20#breadcrumb"},"inLanguage":"de","potentialAction":[{"@type":"ReadAction","target":["https:\/\/ausgeartet.com\/?page_id=20"]}]},{"@type":"ImageObject","inLanguage":"de","@id":"https:\/\/ausgeartet.com\/?page_id=20#primaryimage","url":"https:\/\/ausgeartet.com\/wp-content\/uploads\/2025\/01\/alejandroj_jimenez_ausgeartet_buch_1.jpg","contentUrl":"https:\/\/ausgeartet.com\/wp-content\/uploads\/2025\/01\/alejandroj_jimenez_ausgeartet_buch_1.jpg","width":1079,"height":809,"caption":"Alejandro Jimenez"},{"@type":"BreadcrumbList","@id":"https:\/\/ausgeartet.com\/?page_id=20#breadcrumb","itemListElement":[{"@type":"ListItem","position":1,"name":"Startseite","item":"https:\/\/ausgeartet.com\/"},{"@type":"ListItem","position":2,"name":"Alejandro Jimenez"}]},{"@type":"WebSite","@id":"https:\/\/ausgeartet.com\/#website","url":"https:\/\/ausgeartet.com\/","name":"AUSGEARTET","description":"Roman (2025)","publisher":{"@id":"https:\/\/ausgeartet.com\/#organization"},"potentialAction":[{"@type":"SearchAction","target":{"@type":"EntryPoint","urlTemplate":"https:\/\/ausgeartet.com\/?s={search_term_string}"},"query-input":{"@type":"PropertyValueSpecification","valueRequired":true,"valueName":"search_term_string"}}],"inLanguage":"de"},{"@type":"Organization","@id":"https:\/\/ausgeartet.com\/#organization","name":"AUSGEARTET","url":"https:\/\/ausgeartet.com\/","logo":{"@type":"ImageObject","inLanguage":"de","@id":"https:\/\/ausgeartet.com\/#\/schema\/logo\/image\/","url":"https:\/\/ausgeartet.com\/wp-content\/uploads\/2025\/01\/Knapp_logo.jpg","contentUrl":"https:\/\/ausgeartet.com\/wp-content\/uploads\/2025\/01\/Knapp_logo.jpg","width":229,"height":220,"caption":"AUSGEARTET"},"image":{"@id":"https:\/\/ausgeartet.com\/#\/schema\/logo\/image\/"}}]}},"jetpack_sharing_enabled":true,"_links":{"self":[{"href":"https:\/\/ausgeartet.com\/index.php?rest_route=\/wp\/v2\/pages\/20","targetHints":{"allow":["GET"]}}],"collection":[{"href":"https:\/\/ausgeartet.com\/index.php?rest_route=\/wp\/v2\/pages"}],"about":[{"href":"https:\/\/ausgeartet.com\/index.php?rest_route=\/wp\/v2\/types\/page"}],"author":[{"embeddable":true,"href":"https:\/\/ausgeartet.com\/index.php?rest_route=\/wp\/v2\/users\/1"}],"replies":[{"embeddable":true,"href":"https:\/\/ausgeartet.com\/index.php?rest_route=%2Fwp%2Fv2%2Fcomments&post=20"}],"version-history":[{"count":4,"href":"https:\/\/ausgeartet.com\/index.php?rest_route=\/wp\/v2\/pages\/20\/revisions"}],"predecessor-version":[{"id":68,"href":"https:\/\/ausgeartet.com\/index.php?rest_route=\/wp\/v2\/pages\/20\/revisions\/68"}],"wp:featuredmedia":[{"embeddable":true,"href":"https:\/\/ausgeartet.com\/index.php?rest_route=\/wp\/v2\/media\/30"}],"wp:attachment":[{"href":"https:\/\/ausgeartet.com\/index.php?rest_route=%2Fwp%2Fv2%2Fmedia&parent=20"}],"curies":[{"name":"wp","href":"https:\/\/api.w.org\/{rel}","templated":true}]}}